{"id":1641,"date":"2018-01-15T10:46:00","date_gmt":"2018-01-15T13:46:00","guid":{"rendered":"http:\/\/www.progres.com.br\/site\/?page_id=1641"},"modified":"2023-08-01T15:02:51","modified_gmt":"2023-08-01T18:02:51","slug":"progres-inventariar","status":"publish","type":"page","link":"https:\/\/progres.com.br\/site\/produtos\/progres-inventariar\/","title":{"rendered":"Progres Inventariar"},"content":{"rendered":"<div id=\"pl-1641\"  class=\"panel-layout\" ><div id=\"pg-1641-0\"  class=\"panel-grid panel-has-style\" ><div class=\"siteorigin-panels-stretch panel-row-style panel-row-style-for-1641-0\" data-stretch-type=\"full-stretched\" ><div id=\"pgc-1641-0-0\"  class=\"panel-grid-cell\" ><div id=\"panel-1641-0-0-0\" class=\"so-panel widget widget_sow-hero panel-first-child panel-last-child\" data-index=\"0\" ><div class=\"panel-widget-style panel-widget-style-for-1641-0-0-0\" ><div\n\t\t\t\n\t\t\tclass=\"so-widget-sow-hero so-widget-sow-hero-default-34b67acf3782-1641 so-widget-fittext-wrapper\"\n\t\t\t data-fit-text-compressor=\"1.25\"\n\t\t>\t\t\t\t<div class=\"sow-slider-base\" style=\"display: none\" tabindex=\"0\">\n\t\t\t\t\t<ul\n\t\t\t\t\tclass=\"sow-slider-images\"\n\t\t\t\t\tdata-settings=\"{&quot;pagination&quot;:true,&quot;speed&quot;:800,&quot;timeout&quot;:8000,&quot;paused&quot;:false,&quot;pause_on_hover&quot;:false,&quot;swipe&quot;:true,&quot;nav_always_show_desktop&quot;:&quot;&quot;,&quot;nav_always_show_mobile&quot;:&quot;&quot;,&quot;breakpoint&quot;:&quot;780px&quot;,&quot;unmute&quot;:false,&quot;anchor&quot;:null}\"\n\t\t\t\t\tstyle=\"min-height: 420px\"\t\t\t\t\tdata-anchor-id=\"\"\n\t\t\t\t>\t\t<li class=\"sow-slider-image  sow-slider-image-cover\" style=\"visibility: visible;;background-color: #222222\" >\n\t\t\t\t\t<div class=\"sow-slider-image-container\">\n\t\t\t<div class=\"sow-slider-image-wrapper\">\n\t\t\t\t<h1 class=\"sow-headline\" style=\"text-align: center\">CONHE\u00c7A O PROGRES INVENTARIAR<\/h1>\t\t\t<\/div>\n\t\t<\/div>\n\t\t<div class=\"sow-slider-image-overlay sow-slider-image-cover\" style=\"opacity: 0.35;background-image: url(https:\/\/progres.com.br\/site\/wp-content\/uploads\/2023\/07\/Consultoria-jpg.webp)\"  ><\/div>\t\t<\/li>\n\t\t<\/ul>\t\t\t\t<ol class=\"sow-slider-pagination\">\n\t\t\t\t\t\t\t\t\t\t\t<li><a href=\"#\" data-goto=\"0\" aria-label=\"Display slide 1\"><\/a><\/li>\n\t\t\t\t\t\t\t\t\t<\/ol>\n\n\t\t\t\t<div class=\"sow-slide-nav sow-slide-nav-next\">\n\t\t\t\t\t<a href=\"#\" data-goto=\"next\" aria-label=\"Next slide\" data-action=\"next\">\n\t\t\t\t\t\t<em class=\"sow-sld-icon-thin-right\"><\/em>\n\t\t\t\t\t<\/a>\n\t\t\t\t<\/div>\n\n\t\t\t\t<div class=\"sow-slide-nav sow-slide-nav-prev\">\n\t\t\t\t\t<a href=\"#\" data-goto=\"previous\" aria-label=\"Previous slide\" data-action=\"prev\">\n\t\t\t\t\t\t<em class=\"sow-sld-icon-thin-left\"><\/em>\n\t\t\t\t\t<\/a>\n\t\t\t\t<\/div>\n\t\t\t\t<\/div><\/div><\/div><\/div><\/div><\/div><\/div><div id=\"pg-1641-1\"  class=\"panel-grid panel-has-style\" ><div class=\"panel-row-style panel-row-style-for-1641-1\" ><div id=\"pgc-1641-1-0\"  class=\"panel-grid-cell\" ><div id=\"panel-1641-1-0-0\" class=\"so-panel widget widget_sow-editor panel-first-child panel-last-child\" data-index=\"1\" ><div\n\t\t\t\n\t\t\tclass=\"so-widget-sow-editor so-widget-sow-editor-base\"\n\t\t\t\n\t\t>\n<div class=\"siteorigin-widget-tinymce textwidget\">\n\t<p>Nossa solu\u00e7\u00e3o integra todas as necessidades de um sistema de controle patrimonial em uma s\u00f3 ferramenta: controle f\u00edsico, centro de custo, localiza\u00e7\u00e3o, aloca\u00e7\u00e3o, avalia\u00e7\u00e3o, deprecia\u00e7\u00e3o e controle cont\u00e1bil e fiscal, atendendo completamente as normas vigentes.<\/p>\n<p>Com a tecnologia RFID, nosso sistema faz a leitura instant\u00e2nea das etiquetas informando os bens que est\u00e3o presentes no ambiente, bens de outros ambientes ali encontrados e quais est\u00e3o faltando sem a necessidade de contato f\u00edsico ou visual com as etiquetas mesmo existindo obst\u00e1culos.<\/p>\n<p style=\"text-align: justify;\">O sistema possui uma interface intuitiva e amig\u00e1vel como mostra a imagem abaixo:<\/p>\n<p style=\"text-align: justify;\"><img decoding=\"async\" class=\"alignnone wp-image-2069 size-full\" src=\"https:\/\/progres.com.br\/site\/wp-content\/uploads\/2021\/08\/1-Resumo-1.png\" alt=\"\" width=\"1028\" height=\"774\" srcset=\"https:\/\/progres.com.br\/site\/wp-content\/uploads\/2021\/08\/1-Resumo-1.png 1028w, https:\/\/progres.com.br\/site\/wp-content\/uploads\/2021\/08\/1-Resumo-1-300x226.png 300w, https:\/\/progres.com.br\/site\/wp-content\/uploads\/2021\/08\/1-Resumo-1-1024x771.png 1024w, https:\/\/progres.com.br\/site\/wp-content\/uploads\/2021\/08\/1-Resumo-1-768x578.png 768w\" sizes=\"(max-width: 1028px) 100vw, 1028px\" \/><\/p>\n<p style=\"text-align: justify;\">O Sistema <strong>Progres Inventariar<\/strong> possui todas as funcionalidades necess\u00e1rias para o controle patrimonial e muito mais! Veja a seguir as funcionalidades:<\/p>\n<ul>\n<li style=\"list-style-type: none;\">\n<ul>\n<li style=\"text-align: justify;\">Cadastro de bens completo \u2013 o mais completo do mercado, com mais de 118 campos, incluindo o gerenciamento de todas as informa\u00e7\u00f5es necess\u00e1rias para o controle patrimonial;<\/li>\n<\/ul>\n<\/li>\n<\/ul>\n<ul>\n<li style=\"list-style-type: none;\">\n<ul>\n<li style=\"text-align: justify;\">Suporte a m\u00faltiplas esta\u00e7\u00f5es de trabalho com todas as funcionalidades dispon\u00edveis, mesmo em locais sem conex\u00e3o de internet <em>(off-line)<\/em>, permitindo realizar todo o trabalho em campo no momento do cadastro do bem ou invent\u00e1rio, o que torna o processo de invent\u00e1rio muito mais r\u00e1pido e evita erros;<\/li>\n<\/ul>\n<\/li>\n<\/ul>\n<ul>\n<li style=\"list-style-type: none;\">\n<ul>\n<li style=\"text-align: justify;\">Suporte a m\u00faltiplos usu\u00e1rios identificados por <em>login<\/em> e senha, com n\u00edveis de acesso program\u00e1veis;<\/li>\n<\/ul>\n<\/li>\n<\/ul>\n<ul>\n<li style=\"list-style-type: none;\">\n<ul>\n<li style=\"text-align: justify;\">Fun\u00e7\u00e3o de composi\u00e7\u00e3o de bens que permite que um bem seja composto por diversas pe\u00e7as (rela\u00e7\u00e3o-carga);<\/li>\n<\/ul>\n<\/li>\n<\/ul>\n<ul>\n<li style=\"list-style-type: none;\">\n<ul>\n<li style=\"text-align: justify;\">Fun\u00e7\u00e3o agrupamento de bens em lotes para movimenta\u00e7\u00e3o, baixa ou leil\u00e3o;<\/li>\n<\/ul>\n<\/li>\n<\/ul>\n<ul>\n<li style=\"list-style-type: none;\">\n<ul>\n<li style=\"text-align: justify;\">Fun\u00e7\u00e3o de consulta com filtro duplo dispon\u00edvel em todos os cadastros do sistema, que permite busca por dois atributos simultaneamente;<\/li>\n<\/ul>\n<\/li>\n<\/ul>\n<ul>\n<li style=\"list-style-type: none;\">\n<ul>\n<li style=\"text-align: justify;\">Fun\u00e7\u00e3o de divis\u00e3o dos bens entre os respectivos respons\u00e1veis, incluindo Entidade, \u00d3rg\u00e3o, Setor e Servidor;<\/li>\n<\/ul>\n<\/li>\n<\/ul>\n<ul>\n<li style=\"list-style-type: none;\">\n<ul>\n<li style=\"text-align: justify;\">Fun\u00e7\u00e3o de aloca\u00e7\u00e3o, incluindo local, endere\u00e7o, \u00f3rg\u00e3o, setor, departamento e sala onde o bem est\u00e1 alocado;<\/li>\n<\/ul>\n<\/li>\n<\/ul>\n<ul>\n<li style=\"list-style-type: none;\">\n<ul>\n<li style=\"text-align: justify;\">Registo de informa\u00e7\u00f5es referentes \u00e0 aquisi\u00e7\u00e3o do bem, incluindo fornecedor, forma, data e valor de aquisi\u00e7\u00e3o, n\u00famero de s\u00e9rie, data de fabrica\u00e7\u00e3o, data de garantia;<\/li>\n<\/ul>\n<\/li>\n<\/ul>\n<ul>\n<li style=\"list-style-type: none;\">\n<ul>\n<li style=\"text-align: justify;\">Fun\u00e7\u00e3o de movimenta\u00e7\u00e3o dos bens, que permite fazer tombamento, realoca\u00e7\u00e3o, baixa, registrando automaticamente as altera\u00e7\u00f5es na aloca\u00e7\u00e3o dos bens, incluindo entidade, local, ambiente, \u00f3rg\u00e3o, setor respons\u00e1vel e lote;<\/li>\n<\/ul>\n<\/li>\n<\/ul>\n<ul>\n<li style=\"list-style-type: none;\">\n<ul>\n<li style=\"text-align: justify;\">Fun\u00e7\u00e3o de avalia\u00e7\u00e3o dos bens patrimoniais segundo as normas brasileiras para Avalia\u00e7\u00e3o de Bens da Associa\u00e7\u00e3o Brasileira de Normas T\u00e9cnicas: a NBR 14.653 da ABNT, bem como as normas para avalia\u00e7\u00f5es do Instituto Brasileiro de Avalia\u00e7\u00f5es e Per\u00edcias em Engenharia \u2013 IBAPE, registrando valor monet\u00e1rio adicional e a vida \u00fatil adicional;<\/li>\n<\/ul>\n<\/li>\n<\/ul>\n<ul>\n<li style=\"list-style-type: none;\">\n<ul>\n<li style=\"text-align: justify;\">Fun\u00e7\u00e3o de deprecia\u00e7\u00e3o cont\u00e1bil com base na vida \u00fatil estabelecida pelas normas da Receita Federal, permitindo fazer a deprecia\u00e7\u00e3o a cada fechamento mensal e emitir o RAB (Raz\u00e3o Auxiliar de Bem), relat\u00f3rio cont\u00e1bil que apresenta as contas de ativo, suas movimenta\u00e7\u00f5es durante o m\u00eas e os valores - corrigido e residual- em cada conta ap\u00f3s aplicar as regras de deprecia\u00e7\u00e3o.<\/li>\n<\/ul>\n<\/li>\n<\/ul>\n<ul>\n<li style=\"list-style-type: none;\">\n<ul>\n<li style=\"text-align: justify;\">Invent\u00e1rios usando o Leitor RFID para ler as etiquetas RFID, registrando automaticamente quais bens foram encontrados e quais foram perdidos;<\/li>\n<\/ul>\n<\/li>\n<\/ul>\n<ul>\n<li style=\"list-style-type: none;\">\n<ul>\n<li style=\"text-align: justify;\">Fun\u00e7\u00e3o de controle de im\u00f3veis patrimoniais, registrando as informa\u00e7\u00f5es referentes aos im\u00f3veis como nome, descri\u00e7\u00e3o, matr\u00edcula, data de compra, endere\u00e7o, tipo de im\u00f3vel e outras informa\u00e7\u00f5es necess\u00e1rias ao controle patrimonial;<\/li>\n<\/ul>\n<\/li>\n<\/ul>\n<ul>\n<li style=\"list-style-type: none;\">\n<ul>\n<li style=\"text-align: justify;\">Fun\u00e7\u00e3o de fechamento cont\u00e1bil de cada m\u00eas, realizando a deprecia\u00e7\u00e3o cont\u00e1bil dos bens;<\/li>\n<\/ul>\n<\/li>\n<\/ul>\n<ul>\n<li style=\"list-style-type: none;\">\n<ul>\n<li style=\"text-align: justify;\">Mecanismo integrado de aquisi\u00e7\u00e3o e gerenciamento de imagens, permitindo anexar, visualizar e excluir imagens dos bens e im\u00f3veis;<\/li>\n<\/ul>\n<\/li>\n<\/ul>\n<ul>\n<li style=\"list-style-type: none;\">\n<ul>\n<li style=\"text-align: justify;\">Mecanismo integrado de gerenciamento de documentos,\u00a0 permitindo anexar, excluir e consultar documentos referentes aos bens<strong>,<\/strong> im\u00f3veis e avalia\u00e7\u00f5es.<\/li>\n<\/ul>\n<\/li>\n<\/ul>\n<ul>\n<li style=\"list-style-type: none;\">\n<ul>\n<li style=\"text-align: justify;\">Fun\u00e7\u00e3o de registro de atividades (<em>log<\/em>) \u2013 registro de data, hora e usu\u00e1rio que executou cada opera\u00e7\u00e3o no sistema- permitindo e facilitando opera\u00e7\u00f5es de auditorias sobre o mesmo.<\/li>\n<\/ul>\n<\/li>\n<\/ul>\n<ul>\n<li style=\"list-style-type: none;\">\n<ul>\n<li style=\"text-align: justify;\">Fun\u00e7\u00e3o geradora de relat\u00f3rios, que inclui todos os documentos necess\u00e1rios para o controle patrimonial, al\u00e9m de incr\u00edvel cria\u00e7\u00e3o de relat\u00f3rios customizados;<\/li>\n<\/ul>\n<\/li>\n<\/ul>\n<\/div>\n<\/div><\/div><\/div><\/div><\/div><\/div>","protected":false},"excerpt":{"rendered":"<p>Nossa solu\u00e7\u00e3o integra todas as necessidades de um sistema de controle patrimonial em uma s\u00f3 ferramenta: controle f\u00edsico, centro de custo, localiza\u00e7\u00e3o, aloca\u00e7\u00e3o, avalia\u00e7\u00e3o, deprecia\u00e7\u00e3o e controle cont\u00e1bil e fiscal, atendendo completamente as normas vigentes.Com a tecnologia RFID, nosso sistema faz a leitura instant\u00e2nea das etiquetas informando os bens que est\u00e3o presentes no ambiente, bens&#8230;<\/p>\n","protected":false},"author":1,"featured_media":2069,"parent":10044,"menu_order":0,"comment_status":"closed","ping_status":"closed","template":"","meta":{"footnotes":""},"class_list":["post-1641","page","type-page","status-publish","has-post-thumbnail","hentry"],"_links":{"self":[{"href":"https:\/\/progres.com.br\/site\/wp-json\/wp\/v2\/pages\/1641","targetHints":{"allow":["GET"]}}],"collection":[{"href":"https:\/\/progres.com.br\/site\/wp-json\/wp\/v2\/pages"}],"about":[{"href":"https:\/\/progres.com.br\/site\/wp-json\/wp\/v2\/types\/page"}],"author":[{"embeddable":true,"href":"https:\/\/progres.com.br\/site\/wp-json\/wp\/v2\/users\/1"}],"replies":[{"embeddable":true,"href":"https:\/\/progres.com.br\/site\/wp-json\/wp\/v2\/comments?post=1641"}],"version-history":[{"count":1,"href":"https:\/\/progres.com.br\/site\/wp-json\/wp\/v2\/pages\/1641\/revisions"}],"predecessor-version":[{"id":10113,"href":"https:\/\/progres.com.br\/site\/wp-json\/wp\/v2\/pages\/1641\/revisions\/10113"}],"up":[{"embeddable":true,"href":"https:\/\/progres.com.br\/site\/wp-json\/wp\/v2\/pages\/10044"}],"wp:featuredmedia":[{"embeddable":true,"href":"https:\/\/progres.com.br\/site\/wp-json\/wp\/v2\/media\/2069"}],"wp:attachment":[{"href":"https:\/\/progres.com.br\/site\/wp-json\/wp\/v2\/media?parent=1641"}],"curies":[{"name":"wp","href":"https:\/\/api.w.org\/{rel}","templated":true}]}}